ded by 553?
552
What is the remainder when 10965 is divided by 1661?
999
What is the remainder when 112747 is divided by 1524?
1495
What is the remainder when 9752 is divided by 276?
92
What is the remainder when 956 is divided by 305?
41
Calculate the remainder when 30512 is divided by 36.
20
What is the remainder when 4763 is divided by 90?
83
What is the remainder when 458379 is divided by 39?
12
Calculate the remainder when 740037 is divided by 185005.
17
Calculate the remainder when 7585 is divided by 437.
156
What is the remainder when 859458 is divided by 173?
167
What is the remainder when 46396 is divided by 559?
558
Calculate the remainder when 920508 is divided by 184101.
3
What is the remainder when 231897 is divided by 231896?
1
What is the remainder when 22043 is divided by 132?
131
What is the remainder when 38950 is divided by 1307?
1047
What is the remainder when 2570 is divided by 6?
2
What is the remainder when 3921975 is divided by 76?
71
Calculate the remainder when 8472 is divided by 403.
9
Calculate the remainder when 88228 is divided by 3042.
10
Calculate the remainder when 4525 is divided by 289.
190
What is the remainder when 14118 is divided by 2723?
503
Calculate the remainder when 187368 is divided by 10.
8
Calculate the remainder when 45932 is divided by 48.
44
Calculate the remainder when 7347 is divided by 7344.
3
What is the remainder when 68262 is divided by 185?
182
Calculate the remainder when 68016 is divided by 479.
477
Calculate the remainder when 10578 is divided by 9900.
678
Calculate the remainder when 275730 is divided by 11029.
5
Calculate the remainder when 504 is divided by 129.
117
What is the remainder when 97895 is divided by 97877?
18
What is the remainder when 1590 is divided by 504?
78
What is the remainder when 2018699 is divided by 30?
29
Calculate the remainder when 488708 is divided by 1042.
10
Calculate the remainder when 212 is divided by 103.
6
Calculate the remainder when 1447 is divided by 443.
118
What is the remainder when 10534 is divided by 106?
40
What is the remainder when 3920 is divided by 317?
116
What is the remainder when 17708 is divided by 466?
0
What is the remainder when 6803 is divided by 85?
3
Calculate the remainder when 10234 is divided by 380.
354
What is the remainder when 7207 is divided by 160?
7
Calculate the remainder when 188810 is divided by 333.
332
What is the remainder when 727127 is divided by 190?
187
What is the remainder when 138268 is divided by 3456?
28
Calculate the remainder when 21733 is divided by 115.
113
What is the remainder when 891406 is divided by 112?
110
Calculate the remainder when 38089 is divided by 66.
7
Calculate the remainder when 5008 is divided by 200.
8
What is the remainder when 159102 is divided by 32?
30
Calculate the remainder when 229 is divided by 51.
25
What is the remainder when 8995 is divided by 52?
51
What is the remainder when 137497 is divided by 1447?
32
What is the remainder when 211887 is divided by 105942?
3
Calculate the remainder when 22736 is divided by 11367.
2
What is the remainder when 36044 is divided by 112?
92
Calculate the remainder when 479792 is divided by 36907.
1
What is the remainder when 1623667 is divided by 10?
7
Calculate the remainder when 8269 is divided by 2568.
565
Calculate the remainder when 14553 is divided by 52.
45
What is the remainder when 372732 is divided by 32?
28
What is the remainder when 201934 is divided by 92?
86
What is the remainder when 1844919 is divided by 55?
54
What is the remainder when 1186 is divided by 20?
6
Calculate the remainder when 13989 is divided by 38.
5
Calculate the remainder when 11638 is divided by 103.
102
Calculate the remainder when 6737 is divided by 413.
129
Calculate the remainder when 591692 is divided by 118336.
12
Calculate the remainder when 399961 is divided by 89.
84
Calculate the remainder when 5468 is divided by 906.
32
What is the remainder when 7795 is divided by 2268?
991
What is the remainder when 12851 is divided by 2569?
6
What is the remainder when 31738 is divided by 259?
140
What is the remainder when 1851 is divided by 267?
249
What is the remainder when 10365 is divided by 3059?
1188
What is the remainder when 519726 is divided by 37123?
4
What is the remainder when 3196 is divided by 319?
6
What is the remainder when 132969 is divided by 44321?
6
What is the remainder when 53074 is divided by 40?
34
What is the remainder when 483777 is divided by 598?
593
Calculate the remainder when 20731 is divided by 3455.
1
Calculate the remainder when 13275 is divided by 166.
161
What is the remainder when 51904 is divided by 25946?
12
What is the remainder when 193827 is divided by 426?
423
Calculate the remainder when 11432 is divided by 92.
24
Calculate the remainder when 40259 is divided by 22.
21
What is the remainder when 21455 is divided by 973?
49
What is the remainder when 1157 is divided by 91?
65
Calculate the remainder when 2570 is divided by 498.
80
Calculate the remainder when 32743 is divided by 28.
11
Calculate the remainder when 3079 is divided by 135.
109
Calculate the remainder when 128520 is divided by 342.
270
What is the remainder when 17866 is divided by 59?
48
What is the remainder when 1041782 is divided by 203?
189
What is the remainder when 91597 is divided by 33?
22
What is the remainder when 74401 is divided by 71?
64
Calculate the remainder when 18898 is divided by 180.
178
What is the remainder when 15470 is divided by 40?
30
What is the remainder when 814966 is divided by 99?
97
Calculate the remainder when 369 is divided by 38.
27
What is the remainder when 32084 is divided by 23?
22
What is the remainder when 4058 is divided by 31?
28
What is the remainder when 2168 is divided by 603?
359
Calculate the remainder when 143214 is divided by 924.
918
What is the remainder when 684315 is divided by 280?
275
Calculate the remainder when 18345 is divided by 118.
55
What is the remainder when 1086958 is divided by 21?
19
Calculate the remainder when 672 is divided by 582.
90
Calculate the remainder when 167571 is divided by 22.
19
Calculate the remainder when 21544 is divided by 33.
28
Calculate the remainder when 48885 is divided by 24395.
95
Calculate the remainder when 32732 is divided by 1056.
1052
What is the remainder when 13171 is divided by 20?
11
What is the remainder when 97645 is divided by 8137?
1
What is the remainder when 51743 is divided by 51743?
0
Calculate the remainder when 113910 is divided by 678.
6
What is the remainder when 1301 is divided by 545?
211
Calculate the remainder when 196219 is divided by 17830.
89
Calculate the remainder when 4560 is divided by 593.
409
Calculate the remainder when 13977 is divided by 52.
41
Calculate the remainder when 631318 is divided by 151.
138
Calculate the remainder when 604438 is divided by 46.
44
What is the remainder when 24697 is divided by 12346?
5
Calculate the remainder when 12254 is divided by 227.
223
What is the remainder when 68122 is divided by 42?
40
What is the remainder when 13146 is divided by 286?
276
Calculate the remainder when 19351 is divided by 245.
241
What is the remainder when 123114 is divided by 9466?
56
What is the remainder when 6315 is divided by 486?
483
What is the remainder when 266758 is divided by 83?
79
Calculate the remainder when 29563 is divided by 24.
19
What is the remainder when 12903 is divided by 25?
3
Calculate the remainder when 1143443 is divided by 1350.
1343
What is the remainder when 14004 is divided by 203?
200
Calculate the remainder when 646657 is divided by 198.
187
Calculate the remainder when 23726 is divided by 697.
28
Calculate the remainder when 45528 is divided by 283.
248
What is the remainder when 3115 is divided by 28?
7
What is the remainder when 37954 is divided by 4742?
18
What is the remainder when 18585 is divided by 1327?
7
What is the remainder when 8607 is divided by 2149?
11
What is the remainder when 9680 is divided by 3539?
2602
Calculate the remainder when 11667 is divided by 57.
39
Calculate the remainder when 27307 is divided by 13641.
25
What is the remainder when 222719 is divided by 111359?
1
What is the remainder when 40463 is divided by 13429?
176
What is the remainde